or of s and c.
20
Let y = -17 - -48. Let j be (-4 - (-8 + 3))*0. Suppose j*r + 13*r = 3627. What is the highest common divisor of r and y?
31
Let y(b) = -4*b + 59. Let p be y(8). Let d be 1/(-5) + (-10094)/(-70). What is the highest common divisor of p and d?
9
Let k(p) = -6*p**2 - 78*p. Let j be k(-10). Suppose -3*s = 5*g - 3*g - 93, -4*g + 3*s = -195. What is the greatest common divisor of j and g?
12
Suppose 3*c - 2*o - 373 = 0, 30*c - 33*c + o = -365. Let a be -2 - (-15 - 1)*1. Calculate the highest common factor of c and a.
7
Let l = 26 + 9. Let t = -31 + l. Suppose -z = 0, -t*j + 48 = -3*j + 4*z. What is the greatest common divisor of 72 and j?
24
Let k be 2 + (-4)/5 + 68/85. Suppose k*a - 4*a - w + 31 = 0, -74 = -5*a + w. Calculate the highest common divisor of 45 and a.
15
Let i be ((-322)/(-8) + -14)/(2/24). What is the greatest common factor of 1785 and i?
105
Let w = -12204 - -15242. What is the greatest common divisor of 784 and w?
98
Let n be -3 - 1*(0 - 19). Let j be n/(-3)*87/(-58). Suppose 0*h = 5*h - 280. What is the highest common divisor of h and j?
8
Suppose 2*g + 12124 = 2*u, -424*u = -426*u + 3*g + 12126. What is the highest common factor of 40 and u?
20
Let r be 134 - (-3)/(-9)*-39. What is the greatest common divisor of r and 3381?
147
Let a(m) = -7*m - 38. Let v be a(-7). Suppose -19*b + v*b = -1344. Let g = 6 - -15. Calculate the highest common factor of b and g.
21
Suppose -2*q + 3*q = 1, 4*q - 364 = -4*h. Suppose -4*a - a + 450 = 3*w, a = -w + h. What is the highest common factor of a and 45?
45
Let z = -4358 - -4366. Let g be 2/(-12) + (-1537)/(-6). Calculate the highest common factor of g and z.
8
Suppose -30*l + 22 = -29*l. Let u = -191 - -433. What is the highest common factor of u and l?
22
Let c = 1729 + -1287. What is the greatest common divisor of 130 and c?
26
Suppose 0 = -4*o + 4*p + 36, -9*o + 3*p + 49 = -4*o. Calculate the greatest common divisor of o and 935.
11
Suppose -2*w + 4*r = -720, 9*r = 20*w + 12*r - 7544. What is the greatest common divisor of 592 and w?
8
Let b be (87/2)/3 + 83/166. Let s be (-6)/(-9) - 610/(-30). What is the greatest common divisor of b and s?
3
Let w be 7/(-28) + (-1)/(-4). Suppose w = 4*t - 3*i - 55, 6 - 3 = i. Let q be (228/t)/(15/(-24) - -1). Calculate the highest common divisor of q and 57.
19
Let i = -1695 - -1693. Suppose 0 = -4*l + 5*r - 80, -55 = 5*l + 2*r + 3*r. Let y be l/i*170/51. Calculate the highest common divisor of y and 5.
5
Let w be (-33)/(-23 - 1088/(-48)). Suppose 46 = 3*n - 53. What is the highest common factor of w and n?
33
Let t = -7103 - -7237. Calculate the greatest common factor of t and 6566.
134
Let p = 102 + -99. Let d be (-13 + 4 + p)/(-1). What is the greatest common factor of 8 and d?
2
Suppose -10*n + 85 = 7*n. Suppose -140 = -4*u + 6*z - 7*z, n*z - 54 = -u. What is the highest common factor of 34 and u?
34
Let o = -3284 - -3376. What is the greatest common factor of 28 and o?
4
Let f(x) = -x**3 - 3*x**2 + 23*x + 36. Let y be f(-10). Calculate the greatest common factor of y and 30107.
253
Let m(u) = -62*u**3 - 30*u**2 - 31*u + 1. Let w be m(-1). Let b be 2 + 43 - (-6)/2. Calculate the highest common factor of w and b.
16
Let o be (-5 - (0 - 4))/(0 + 1). Let p be o*((-814)/18 - 12/(-54)). Calculate the greatest common factor of 90 and p.
45
Let m be 200 - ((-8)/12)/((-4)/(-24)). Let f = -17 - -85. What is the greatest common factor of m and f?
68
Let z(p) = p**2 - 7*p - 142. Let o be z(17). Let j = 449 + -139. Suppose -2 = n - j. Calculate the greatest common factor of o and n.
28
Suppose 4*v + 4*l - 524 = 16, 5*v + l = 695. Suppose 4*f = -2*g + 138, -31 = 4*f - 5*f - 4*g. Calculate the greatest common factor of v and f.
35
Suppose -5*g + 2874 = -d, -4*g + 9*g = 3*d + 2862. What is the highest common divisor of 648 and g?
72
Let c(x) = -2*x**2 - 31*x + 1404. Let y be c(-35). Calculate the highest common factor of 18798 and y.
39
Let x be (16/(-5))/(8/40). Let o(p) = -p**2 - 15*p + 23. Let l be o(x). What is the greatest common divisor of 259 and l?
7
Let v be (32/36)/(-8) + 3/((-432)/(-2783248)). Calculate the greatest common divisor of v and 384.
128
Let r(u) = 15*u**2 + 3*u + 5. Let z be r(-2). Suppose 5*s - 2065 = 2*x, s - 11*x = -6*x + 413. Calculate the greatest common divisor of s and z.
59
Let t be 15180/10*(-1*6/(-12))/1. What is the greatest common divisor of t and 363?
33
Suppose 138 = -2*x + 4*c + 2454, 2*x + 5*c - 2343 = 0. What is the greatest common divisor of x and 12?
12
Let l be 210/12*(-56)/(-10). Let q(b) = -b**3 - 13*b**2 - 31*b - 81. Let h be q(-12). What is the highest common factor of l and h?
49
Let a be 4/2 + (72 - 2). Let b be 5/(15/(-6)) - -31 - 3. Let r = b + -17. What is the highest common factor of a and r?
9
Let o be (85 - 8) + 1 + 5 + 3. What is the greatest common divisor of o and 1118?
86
Let j(v) = 42*v + 1522. Let d be j(-34). Calculate the highest common factor of d and 47.
47
Suppose 4*u = -u - 15, -u = -5*s + 168. Suppose 39*j = 38*j + s. What is the highest common factor of 22 and j?
11
Suppose 3*g = -26*a + 27*a - 507, 2554 = 5*a + 4*g. Let z be (17/(a/18))/((-1)/(-1395)). Calculate the greatest common factor of 31 and z.
31
Suppose 3*w + x = 80388, 3*w - 606*x - 80406 = -601*x. What is the greatest common divisor of 127 and w?
127
Suppose 40*d = -3*d + 411*d - 1215872. What is the highest common factor of 40 and d?
8
Let h be (2 - -1) + (-6)/4*2. Suppose h = -15*g + 10*g + 50. Let b(a) = 4*a**2 - 1. Let j be b(-2). What is the highest common divisor of j and g?
5
Suppose 2*g = -3*g + 3*p + 587, 3*p = -4*g + 448. Let h be (1035/(-46))/45*46/(-4)*4. What is the highest common factor of h and g?
23
Suppose 0*t = 5*t + 20. Let f = t - -8. Let m be 222/36 + (-4)/24. Calculate the greatest common factor of m and f.
2
Suppose 3*p - 2*y - 3242 = 0, -2*y = 3*y + 20. Let s(g) = 381*g + 784. Let h be s(-2). What is the highest common factor of p and h?
22
Suppose -5*d - 20 = 0, 3*d - 4*d = -4*o + 24. Let q(y) = 7*y**2 - 3*y + 36. Let k be q(o). Calculate the highest common factor of k and 168.
28
Let u be 6/(-45) + 1717408/210 + 18. What is the greatest common factor of u and 12?
12
Let w be 81/135 - 73/5. Let j be (-10 - -11) + w/(-2 - 0). Calculate the greatest common factor of j and 256.
8
Let y(s) = 2*s + 55. Let n be y(-22). Let c = 20 - n. What is the greatest common divisor of c and 99?
9
Let q be (-117 - -1)*(9 + (-4 - 8)). What is the greatest common divisor of q and 435?
87
Suppose -1310 = 5*o + 4*y - 12380, -2*o + 2*y + 4410 = 0. What is the greatest common divisor of 102 and o?
34
Let u = 307 - 297. Suppose s = 130 - 38. Suppose -3*x = -4*j + 308, -2*x - s = -5*j + 300. Calculate the greatest common factor of u and j.
10
Let z be (-7)/((-2)/3424*8). What is the highest common factor of z and 98?
14
Let z = -14 + 52. Let b(c) = c**3 + 34*c**2 + 27*c - 194. Let u be b(-33). Calculate the greatest common factor of z and u.
2
Suppose 4*k + 17 + 3 = -5*d, -5 = k. Suppose -r - 2*w = d, 5*w - 4 + 9 = -2*r. What is the highest common factor of r and 70?
10
Suppose 38 = 2*u - 5*a, -10*u + 9*u = a - 5. What is the highest common divisor of 15399 and u?
9
Let g be (-33)/(-4) + -1*(-8)/(-32). Suppose 2*c = -5*j + g, -c + 5*j = j - 4. What is the greatest common divisor of c and 4?
4
Let x be (15 - (4 - -14) - 6) + (0 - -121). What is the greatest common factor of x and 82?
2
Let w = 744 - 267. What is the highest common divisor of 265 and w?
53
Suppose 2431*k - 2436*k = -305. Calculate the highest common factor of k and 1037.
61
Let a = -6056 + 6173. What is the highest common divisor of 19 and a?
1
Let p(b) = 22*b - 34*b - 3 - 8*b**2 + 0 - b**3 + 2. Let f be p(-6). Let o be -1 + f/(3/(-6)). What is the greatest common divisor of o and 5?
1
Let k(z) = 26*z + 138. Let r be k(-33). Let g be (r/(-32))/(2/8). What is the highest common divisor of g and 27?
9
Suppose -t + 60840 = q + 4*q, 4*t = -5*q + 60855. What is the highest common divisor of 23 and q?
23
Let w be (-212)/(-6) + 24/(-20)*295/(-531). Calculate the highest common divisor of 1386 and w.
18
Let k(l) = -36*l - 1773. Let j be k(-64). What is the highest common factor of j and 472?
59
Let b be (-424)/1378 + 15234/78. Calculate the highest common fac